 and 2546?
134
Calculate the greatest common divisor of 2492 and 3382.
178
Calculate the highest common divisor of 33 and 1868592.
33
What is the highest common factor of 961 and 12307?
31
Calculate the greatest common divisor of 7 and 49175.
7
Calculate the greatest common divisor of 3012 and 271833.
753
Calculate the greatest common factor of 1530 and 2295.
765
What is the greatest common factor of 138 and 533163?
69
Calculate the highest common divisor of 50182 and 44.
22
Calculate the highest common factor of 46384 and 416.
208
What is the highest common factor of 7203 and 3?
3
What is the greatest common divisor of 11 and 354563?
11
What is the greatest common factor of 2 and 2662?
2
Calculate the greatest common factor of 31596 and 18.
6
What is the greatest common divisor of 2317808 and 496?
496
What is the greatest common divisor of 120831 and 12?
3
Calculate the highest common factor of 430 and 13072.
86
Calculate the greatest common factor of 34138 and 3250.
26
Calculate the greatest common factor of 3178 and 4540.
454
Calculate the highest common divisor of 10060 and 2060.
20
Calculate the highest common factor of 329416 and 8.
8
Calculate the highest common factor of 60 and 405720.
60
Calculate the greatest common divisor of 1720423 and 262.
131
Calculate the highest common factor of 38 and 1364333.
19
What is the greatest common factor of 81825 and 200?
25
Calculate the greatest common factor of 20292 and 96.
12
What is the highest common divisor of 2557104 and 1584?
528
What is the highest common divisor of 30 and 2656542?
6
Calculate the highest common divisor of 24024 and 1344.
168
Calculate the greatest common divisor of 77562 and 1488.
186
What is the highest common divisor of 2750 and 1056?
22
Calculate the highest common divisor of 116444 and 2031.
677
Calculate the greatest common factor of 146594 and 1295.
259
Calculate the greatest common divisor of 36 and 45852.
12
Calculate the greatest common divisor of 33 and 281391.
33
Calculate the highest common factor of 326 and 2731391.
163
Calculate the highest common factor of 242593 and 13.
13
What is the highest common divisor of 3 and 5869?
1
What is the highest common factor of 294 and 175518?
294
What is the greatest common factor of 2806 and 2885971?
1403
What is the greatest common divisor of 6664 and 29784?
136
Calculate the highest common divisor of 1584 and 28633.
11
What is the highest common factor of 1647 and 24156?
549
What is the highest common factor of 7250 and 15080?
290
What is the greatest common divisor of 26142 and 16?
2
Calculate the highest common divisor of 2086910 and 70.
70
Calculate the greatest common divisor of 938980 and 28.
28
Calculate the greatest common factor of 162 and 1426122.
18
Calculate the greatest common divisor of 929443 and 545.
109
What is the highest common divisor of 289116 and 27?
27
What is the highest common divisor of 1195033 and 79?
79
Calculate the greatest common divisor of 143491 and 426.
71
What is the greatest common factor of 5549 and 18631?
31
What is the highest common divisor of 45402 and 27?
3
What is the greatest common divisor of 1309 and 3773?
77
Calculate the greatest common divisor of 113052 and 48.
12
What is the greatest common divisor of 423943 and 13?
13
Calculate the highest common factor of 3 and 3963.
3
Calculate the greatest common factor of 332 and 244.
4
Calculate the highest common factor of 3268 and 182476.
76
What is the greatest common divisor of 18 and 17290170?
18
Calculate the greatest common factor of 7346261 and 13.
13
Calculate the highest common factor of 7452188 and 1972.
1972
Calculate the greatest common divisor of 13705 and 80.
5
What is the greatest common factor of 90 and 7150?
10
Calculate the highest common divisor of 1923 and 366011.
641
Calculate the highest common divisor of 44 and 791692.
44
Calculate the highest common factor of 284 and 332422.
142
Calculate the greatest common factor of 120329 and 2761.
11
What is the greatest common divisor of 1125 and 447?
3
Calculate the greatest common factor of 5112 and 6072.
24
What is the highest common divisor of 1051646 and 191?
191
Calculate the highest common factor of 735 and 7905.
15
What is the greatest common divisor of 31030 and 370?
10
Calculate the greatest common factor of 39908 and 594.
22
Calculate the greatest common divisor of 87 and 6984.
3
What is the highest common factor of 32 and 164344?
8
Calculate the greatest common divisor of 2083500 and 20.
20
What is the highest common factor of 386 and 99202?
386
What is the highest common factor of 6677 and 165?
11
What is the greatest common factor of 27 and 287757?
9
What is the highest common factor of 294 and 438?
6
What is the highest common divisor of 81930 and 12?
6
Calculate the highest common divisor of 9 and 131715.
9
What is the greatest common divisor of 4549560 and 60?
60
Calculate the highest common divisor of 2931247 and 11.
11
Calculate the highest common divisor of 380786 and 236.
118
What is the highest common divisor of 2034 and 2402?
2
What is the highest common divisor of 268388 and 293?
293
What is the greatest common divisor of 171 and 13536?
9
Calculate the highest common factor of 40 and 141880.
40
What is the highest common divisor of 1073 and 118233?
29
What is the highest common factor of 50949 and 17?
17
Calculate the greatest common divisor of 873 and 172563.
291
What is the greatest common divisor of 3151 and 1288?
23
Calculate the highest common factor of 2043 and 403833.
681
What is the greatest common divisor of 4685688 and 1260?
252
Calculate the highest common divisor of 5945 and 3.
1
What is the highest common divisor of 462 and 18634?
154
What is the highest common divisor of 29 and 546447?
29
What is the highest common factor of 74 and 101380?
74
What is the highest common factor of 598 and 45586?
46
What is the highest common divisor of 77736 and 444?
12
What is the highest common divisor of 24 and 413384?
8
What is the highest common factor of 649 and 4459279?
649
What is the greatest common factor of 234920 and 28?
28
What is the highest common factor of 14 and 99001?
7
Calculate the highest common factor of 2924 and 11008.
172
Calculate the greatest common factor of 168000 and 546.
42
What is the greatest common factor of 5295 and 30?
15
What is the greatest common factor of 11715 and 649?
11
Calculate the highest common divisor of 3 and 644961.
3
What is the highest common factor of 6960 and 119248?
464
Calculate the highest common divisor of 19386 and 1458.
54
Calculate the highest common divisor of 4978 and 262.
262
What is the highest common factor of 1005 and 8485215?
1005
What is the highest common factor of 20053 and 88?
11
What is the greatest common factor of 714 and 17782?
34
Calculate the greatest common divisor of 66297 and 49.
49
Calculate the greatest common divisor of 48 and 4900.
4
Calculate the greatest common divisor of 229152 and 33.
33
What is the highest common factor of 40266 and 18?
18
What is the greatest common divisor of 518770 and 35?
35
What is the greatest common divisor of 1516 and 220?
4
Calculate the highest common divisor of 40884 and 48.
12
Calculate the highest common divisor of 103257 and 1323.
63
Calculate the greatest common divisor of 588 and 2676.
12
Calculate the greatest common divisor of 18898 and 44.
22
What is the highest common divisor of 5488097 and 53?
53
Calculate the highest common factor of 13392 and 576.
144
Calculate the highest common factor of 5526 and 594.
18
What is the greatest common divisor of 2159172 and 36?
36
Calculate the highest common factor of 11745 and 2565.
135
Calculate the greatest common factor of 135944 and 72.
8
What is the greatest common factor of 12013 and 2?
1
Calculate the highest common factor of 4064 and 635.
127
Calculate the highest common divisor of 277284 and 483.
21
Calculate the highest common divisor of 719869 and 71.
71
Calculate the greatest common divisor of 791 and 11119087.
791
What is the highest common divisor of 1809 and 15812?
67
What is the greatest common factor of 48 and 1804688?
16
Calculate the highest common divisor of 48312 and 150.
6
What is the highest common divisor of 390912 and 384?
384
Calculate the highest common fact